rmine m(o).
-3
Let u(t) = 2*t - 1 - 2*t + t. Suppose 3*d + 25 = 5*o, 3*o + 2*d - 15 = d. Suppose -2*z - k - 3 = 0, -3*z - 3*k + o = 11. Calculate u(z).
-2
Let z = 15 + -14. Let d = z - -2. Let p(v) = 6*v - 6. Let k(m) = -m + 1. Let t(a) = -3*k(a) - p(a). Determine t(d).
-6
Let l(a) = a**2 - 19*a + 21. Let y = -287 + 304. Determine l(y).
-13
Let w(x) be the second derivative of 0 + 1/3*x**3 - 3/2*x**2 - 1/12*x**4 - 6*x. Let c = 3 - -1. Determine w(c).
-11
Suppose -12*k + 51*k - 117 = 0. Let h(o) = -o**2 + 4*o. Let m be h(4). Let b(r) = 3 + 4*r + m*r - 5*r. Determine b(k).
0
Let v(s) = s**3 + 10*s**2 + 16*s - 4. Let o(t) = -t**2 + t + 12. Let g be o(5). Let a be v(g). Let j(n) = -n**2 + 1. Calculate j(a).
-15
Let t(x) = 9*x + 10. Let r(w) = -2*w + 1. Let v(a) = 4*r(a) + t(a). Suppose 2*n + 40 = -3*n. Calculate v(n).
6
Let o(u) = 6*u**3 + 4*u - 15*u**3 - 2 + 8*u**3 - 3*u**2. Let t be ((-6)/7)/(2/(-14)). Suppose t*a + 20 = a. Give o(a).
-2
Let q(i) = -16*i - 120. Let u be q(-8). Let d(m) = m**2 - 7*m - 1. What is d(u)?
7
Let n(a) = -9*a - 5. Let m(q) = -q - 1. Let z(y) = 15*m(y) - 3*n(y). Let x(u) = -u**3 - u**2 - 2*u + 3. Let w be x(1). Calculate z(w).
-12
Let h(u) = -4*u + 2. Suppose 6 = 2*w + 8. Let g = w + -1. Let i = g - -5. Calculate h(i).
-10
Let w(z) = 12*z + 1. Let k be ((-3)/(9/2))/((-2)/(-9)). Let t = k - -2. What is w(t)?
-11
Let m(c) be the third derivative of -c**2 - 1/12*c**4 + 0*c - 1/6*c**3 + 0. Calculate m(-5).
9
Let r = 0 + 5. Let a(i) = -i**2 + 42*i - 77*i + 41*i. Give a(r).
5
Let h(c) = 5*c - 17. Let b(z) = -2*z - 9 + 4*z - z + 5. Let o(p) = 18*b(p) - 4*h(p). Calculate o(6).
-16
Let p(f) = f**2 - 4*f - 5. Let x be p(-5). Suppose -32 - x = -8*b. Let c(z) = -z**3 + 8*z**2 + 10*z - 11. Give c(b).
-2
Suppose l - 7*l = -24. Suppose l*y = 11 + 5. Let s(n) = -n**2 + 4*n + 5. What is s(y)?
5
Let r(v) = -2*v**3 - v**2 + 2. Let c(g) = -13*g**3 + 4*g**2 - 5*g + 21. Let o(w) = -c(w) + 6*r(w). What is o(10)?
41
Let l(v) = -2*v**2 - 21*v - v**2 + 4*v**2 + 5 + 31*v. Determine l(-5).
-20
Let a be (-2*5/(-2))/1. Let s(r) = 5*r**2 - 4*r**2 + 32*r - 17*r - 6 - 18*r. Give s(a).
4
Let r(k) = -k**3 + 2*k**2 - k. Let g(c) = 6*c**3 - 2*c**3 - 10*c**3 + 8 + 3*c**3 - 7*c**2 + 10*c. Let b(h) = -g(h) + 2*r(h). Give b(-12).
-8
Let l(c) = -3*c**3 + c**2 - 4*c. Let x(y) = -13*y**3 + 3*y**2 - 17*y - 1. Let o(a) = 9*l(a) - 2*x(a). Give o(3).
-4
Let x(v) = 14*v**3 - 5*v - 15*v**3 + 14*v + 5 - 8*v**2. Let g be x(-9). Let j(p) be the first derivative of -p**2 - 3. Calculate j(g).
-10
Let o be 72/(-15) + 1/(-5). Suppose -5*d = -10 - 5. Let n(v) = -5*v**2 + v - 4 - v**3 + 0*v - d*v. What is n(o)?
6
Let m(z) = 6*z - 3. Suppose 22*q - 65 = 9*q. Calculate m(q).
27
Let q(k) = -k**2 + 6*k - 1. Let x(m) = 2*m**2 - 5*m + 1. Let y(v) = -3*q(v) - 2*x(v). What is y(-6)?
13
Let l(d) be the third derivative of d**4/24 - 2*d**3/3 - 53*d**2 - 4. Calculate l(6).
2
Let w be (-1)/((-1)/4) - 5. Let h(q) = 2*q**2 + 6*q - 9. Let x(l) = -l**2 - l. Let c(k) = w*x(k) - h(k). Calculate c(-7).
-5
Let m(r) = r**2 + 5*r + 2. Let t(d) = 3*d**2 - 3*d - 2. Let b(p) = m(p) + t(p). Determine b(2).
20
Let y(q) = 2*q**2 - 10*q - 3. Let d(v) = 2*v**2 - 9*v - 4. Let g(m) = -3*d(m) + 2*y(m). Let c be g(4). Let t(i) = -3*i + 3. Give t(c).
-3
Let k(n) = n**2 - 12*n + 9. Let z(b) = -21*b + 45 + 4*b + 5*b**2 - 44*b. Let q(a) = 11*k(a) - 2*z(a). Calculate q(6).
-15
Let o(w) = 10*w + 14. Let l(n) = 3*n + 5. Suppose 0 = t + 5*u - 0 - 3, 5*u = 5*t + 45. Let m(i) = t*l(i) + 2*o(i). Let s = 2 + -7. Determine m(s).
-2
Let u(x) = x - 1. Let i(f) = -f**3 - 2*f**2 - 2*f - 22. Let b be i(-4). Give u(b).
17
Let d(z) = z + 1. Suppose 0 = s - 5*y + 11, -5*s + 8 = -5*y + 3. Let h be -1 + 0/3 - (-1 + s). What is d(h)?
-3
Suppose 2*w + 110 = 5*a - 0*a, -4*a = 5*w - 55. Suppose -4*g + r = -18, 0 = g - 4*r - a + 8. Let t(x) = 3*x + 4 - 6 + g. What is t(-3)?
-7
Suppose -4*v + 45 = 5*k + v, 0 = k - 3*v + 3. Let w(d) be the second derivative of -d**4/12 + 5*d**3/6 - 7*d**2/2 - d. Calculate w(k).
-13
Let f(x) = -11*x**2 + 5*x - 8. Let t(w) = 16*w**2 - 7*w + 12. Let m(g) = 7*f(g) + 5*t(g). Calculate m(-3).
31
Suppose i + 147 = 4*i. Let n = -47 + i. Let f(w) = -3*w - 1. Determine f(n).
-7
Let b(j) = -1. Let p(x) = -x**2 - 3*x + 18. Let u(y) = -6*b(y) - p(y). Let k be u(-6). Let a(g) = -g**2 + 6*g - 9. Determine a(k).
-9
Let u(l) = -7*l + 1. Suppose 22 = 8*y - 26. Calculate u(y).
-41
Let t(k) = -k**2 - 3*k - 9. Let c(o) = -o**2 - 3*o - 10. Let q(x) = 6*c(x) - 7*t(x). Calculate q(-5).
13
Suppose -6*g + 12 = -3*g. Let x(t) = 2*t + 0*t - 3*t - g*t. Suppose 3*c = -3*i + 15, -2*i + 5*i + 5*c = 21. Calculate x(i).
-10
Let l(n) = n**3 - 3*n**2 - 4*n + 4. Let d be l(4). Let c be 2*(8 - 0)/(6 + -5). Suppose -c = 5*o + d. Let y(a) = -5*a - 2. Calculate y(o).
18
Suppose 3*f + 2*o = o - 4, -5*o - 2 = -3*f. Let n = 44 + -41. Let m be n + (-4 - -2)*f. Let q(r) = r - 8. Give q(m).
-3
Suppose i = 3962 - 3960. Let f(p) be the second derivative of -2*p**3/3 + p**2 - p. What is f(i)?
-6
Let a(u) = -u. Let x be a(-2). Let k(h) = 0*h**x - 6*h + 2*h**2 - 7*h**3 + 3*h + 2*h. Let q(t) = -t**2 + 6*t - 7. Let l be q(4). What is k(l)?
-6
Let d(r) = -r**3 - r**2 - r. Let y(j) = -3*j**3 - 9*j**2 - 2*j + 5. Let w(o) = -2*d(o) + y(o). Suppose k = -c - 4*k - 27, 2*k = -2*c - 22. Give w(c).
5
Let r be (-2 + 2)*(-3 - -2). Let v = 59 + -44. Let a(w) = 53*w + 1 - 54*w - v. Calculate a(r).
-14
Let z(r) be the second derivative of 3*r**5/20 - r**4/12 + r**3/3 - r**2/2 - 5*r + 2. Calculate z(1).
3
Let m(s) = -3*s - 1. Let o(p) = p**2 - 4*p - 28. Let k be o(-3). Determine m(k).
20
Let p be -5*((-63)/(-15) - 3). Let u be p/9 + (-22)/(-6). Let l(k) = 6*k - 3*k**3 - k**u + 1 - 9*k + 4*k**2 + 5*k**3. Give l(-4).
13
Let t(w) = -w**3 + 7*w**2 + 10. Suppose -3*o = -5*h - 38, -3*o - 5*h - 2 = -0. Suppose -8*p + o*p = -14. Calculate t(p).
10
Let v(d) = -3*d - 11. Suppose -2*j = x - 18, x - 3*j + 55 = 6*x. Give v(x).
-35
Suppose 75*a - 79*a = -92. Let n(b) = -b**3 + 23*b**2 - 2*b + 41. Give n(a).
-5
Let o(v) = 0 - 2*v - 74*v**3 + 1 + 16*v**3 + 24*v**3 + 19*v**3. Give o(1).
-16
Let g(q) = 1 + 267*q + 270*q + q**2 - 534*q. Calculate g(-3).
1
Let l(r) be the second derivative of -r**5/10 + 5*r**4/12 + r**3/6 + r**2 - 54*r. Determine l(2).
8
Let v(h) = -5*h + 3. Let z = 302 - 299. What is v(z)?
-12
Let r(s) be the third derivative of s**6/120 - s**5/10 + 5*s**4/24 - s**3/3 + 3*s**2. Let t(a) = 32*a - 27. Let u be t(1). Calculate r(u).
-2
Let v be 3/6 - 10/(-4). Let g(b) = -b**3 - 6*b**2 - 3*b - 15. Let j be g(-6). Let l(o) = 0*o - j - 4*o + 8*o. Give l(v).
9
Let k(m) = m - 26 + 16 + m - m + 14. What is k(7)?
11
Let k(a) = -4*a - 25. Let l be k(-8). Let r(w) = -2*w + 1. Determine r(l).
-13
Let h(r) be the first derivative of 1 + 7*r + 3*r**2 - 1/4*r**4 - 4/3*r**3. Suppose -11*n - 37*n = 240. Determine h(n).
2
Let o(v) = 5*v**2 - 7*v + 15. Suppose -4*z + 25 = -5*d, -16 = -3*z + 2*d - d. Let b(p) = -3*p**2 + 5*p - 10. Let a(c) = z*o(c) + 8*b(c). Give a(-5).
-5
Let p = -327 + 331. Let n(q) = -2*q**2 + 6*q - 4. Determine n(p).
-12
Let p(w) = w**2 - w + 10. Let y be (1 + -4 - 3 - -6)/2. What is p(y)?
10
Let p(l) = 5*l - 28. Suppose -8*o = -8384 + 8352. What is p(o)?
-8
Let v(i) = i**3 + 6*i**2 + 6*i - 1. Let x be ((-35)/7)/5*5. What is v(x)?
-6
Let j(z) be the third derivative of -z**4/24 - 2*z**3/3 - 92*z**2 + 2. Suppose 0*g + 18 = -3*g. Determine j(g).
2
Let q(z) = 7*z - 4. Let g(h) = -15*h**2 - h - 2. Let b be g(0). Calculate q(b).
-18
Let i(p) = 5*p**2 - 2*p - 2. Suppose 0 = -25*f + 15*f + 50. Let m(s) = 4*s**2 - s - 2. Let o(y) = f*i(y) - 6*m(y). What is o(3)?
-1
Let l(i) = 83*i - 5 - 23*i - 61*i. Give l(-5).
0
Suppose 12*n - 9*n = 9. Let s(a) = a**2 - 3*a**n + 4*a**3 - 4806*a + 4807*a. Calculate s(-2).
-6
Let l(g) = -13*g - 22. Let c(q) = -4*q - 5. Let k(r) = -7*c(r) + 2*l(r). Suppose 0 = -2*d + 5*d - 15. Give k(d).
1
Let b(d) = -2*d. Let v(n) = -n**2 - 8*n - 2. Let o(x) = 6*b(x) - v(x). Determine o(3).
-1
Let a be (-12)/(-9) + 544/(-12) + 3. Let p = a - -44. Let z(g) = g**2 + 2. Determine z(p).
11
Let q(r) = 2*r + 5. Suppose 27*u = 34*u + 42. What is q(u)?
-7
Let i(f) = f**2 - 8*f + 2. Suppose -30 = -q - 5*o, 2*q = 7*o - 2*o. What is i(q)?
22
Let h = 234 - 100. Let q = 136 - h